2*j + 2*k. Let v = 2 - 1. What is the units digit of 3 - v - (j - -1)?
3
Let o(p) = -p - 1. Let d = 3 - 0. Let f be -5 + (1 - 0 - d). What is the units digit of o(f)?
6
Suppose k - 8 = 2*q, -2*q + 2*k = 4 + 8. Let n(z) = 5*z**2 + 4*z + 3. What is the tens digit of n(q)?
1
Let m(j) = -4*j - 2. Suppose -45 = 4*d + 3*c - 9, c + 34 = -5*d. What is the tens digit of m(d)?
2
Suppose 0 = -4*v + 5*c - 0*c + 80, -v = 3*c - 3. Let y be -2 - -74 - (5 - 6). Suppose 4*f = y + v. What is the units digit of f?
2
Suppose 7*x = x + 270. What is the units digit of x?
5
Suppose -106 = -5*i + 4. What is the tens digit of i?
2
Let q = -3 + 0. Let h = q + 11. What is the tens digit of ((-18)/h)/((-3)/24)?
1
Suppose 12 = 2*j - 18. What is the units digit of j?
5
Let w be (-148)/(-20) + (-2)/5. Suppose 2*m = -4*u + 22, -4*u = -2*m - 2*m - 4. Let k = w - m. What is the units digit of k?
4
Let a(i) = -i**3 + 11*i**2 - 11*i + 14. Let f(b) = 4*b - 2. Let v be f(3). What is the units digit of a(v)?
4
Suppose 5*i - 4*r = 540, 2*i - 3*r = -0*r + 216. What is the units digit of i?
8
Suppose -2*t - 336 = -6*t. What is the units digit of t?
4
Let l be (4 - 3) + 24 + 0. Let u be (3/5)/(5/l). Let y(q) = -q**3 + 2*q**2 + 3*q + 4. What is the units digit of y(u)?
4
Let a be (-16)/8 - 4*-8. What is the units digit of ((-1)/(-5))/(6/a)?
1
Suppose -2*v + y = -5, -4*y + 40 = -3*v + 7*v. Suppose 6 + 44 = v*d. What is the tens digit of d?
1
Suppose -2*s - 24 = -5*s. Let y be 10/(0/4 - 2). Let i = y + s. What is the units digit of i?
3
What is the units digit of (27/(-15))/((-1)/15)?
7
Let o(w) = 5*w**2 - 12*w + 13. Let h be o(7). What is the tens digit of h/5 - 1/(-5)?
3
Let z = -41 - -102. What is the units digit of z?
1
Let t = -23 - -48. What is the tens digit of t?
2
Let w(i) = i**2 - 3*i + 4. Let f(a) = 3*a**2 - 8*a + 12. Let p(h) = 6*f(h) - 17*w(h). What is the tens digit of p(-7)?
3
Let u(g) = 11*g + 1. Let h be u(1). Suppose h = 2*p + m, -3*p - 2*m - 6 + 26 = 0. Suppose 2*r + p = 6*r. What is the units digit of r?
1
Let m = -6 - -3. Let d = m - -1. Let j = d - -5. What is the units digit of j?
3
Suppose 2*v + 48 = 10*v. Let n(a) = a**2 - 6*a + 5. Let j be n(5). Suppose 2*q = 3*q - 3*h - v, j = 4*h - 12. What is the units digit of q?
5
Let a be (3/9)/1*9. Suppose -2*x + a = -5. Let h = x - 3. What is the units digit of h?
1
Let z(a) = a**3 + 4*a**2 - 7*a - 2. Let b(p) = p**3 - 3*p**2 - 2*p + 1. Let y = -7 - -10. Let u be b(y). What is the units digit of z(u)?
8
Suppose o = 3*f, -3*o + 4*f = -0*f - 25. Suppose -2*a + 11 = -o. What is the tens digit of a?
1
Let d(i) = -i**3 + 7*i**2 - 5*i - 1. Let q be d(6). Suppose 2*a + m - 4*m - 44 = 0, -q*m = 5*a - 85. What is the units digit of a?
9
Let j(c) be the first derivative of c**2 - 6*c - 1. Let s be j(5). Suppose 6*b = s*b + 8. What is the units digit of b?
4
Let j = 209 - 141. What is the units digit of j?
8
Let x(i) = 14*i**2 + i + 11. What is the hundreds digit of x(-3)?
1
Suppose 61 = -2*b + 4*p - p, -3*b + 3*p - 84 = 0. Let l = b + 32. What is the units digit of l?
9
Let j(c) = -11*c + 1. Let f be ((-6)/4)/(6/8). What is the tens digit of j(f)?
2
Let i be 27/1*(-40)/(-15). Suppose -k = -4*k + i. What is the tens digit of k?
2
Let v be 3 - ((-8)/(-2) - 0). Let a(o) = -21*o**3 + 2*o + 1. What is the tens digit of a(v)?
2
Suppose 5*d - a - 251 = -2*a, 5*a - 155 = -3*d. Suppose 3*o - d = 10. What is the tens digit of o?
2
Let i = -4 - -70. Let y be (4/(-6))/((-4)/i). Let f = -7 + y. What is the units digit of f?
4
Let y(u) = u + 5. Let h be y(-9). Let f be ((-2)/(-5))/(2/(-80)). What is the units digit of (-12)/f + (-1)/h?
1
What is the units digit of 8 - 5/(-1 - -6)?
7
What is the tens digit of 3 - 0 - (-88 + -10)?
0
Let l(p) = -8*p + 1. Let w be l(-7). What is the units digit of w*(24/9 - 2)?
8
Let g(o) = -2*o - 10. Let w be g(-9). Suppose -w = -3*t - 2. Suppose -4*j = -t*j - 10. What is the units digit of j?
5
Suppose -4*a = 2*h - 380, 0 = -3*a + h - 4*h + 282. Suppose 4*s - a = -0*s - 4*y, -5*s - 4*y + 121 = 0. What is the tens digit of s?
2
What is the tens digit of -1*(-32)/(-6)*-3?
1
Suppose -3*n + w = -w - 22, -4*n - w = -11. Let i be (2/(-6))/(n/(-60)). What is the units digit of -5*-1*4/i?
4
Suppose 29 - 89 = 5*g. Let n = -1 - g. What is the units digit of n?
1
What is the tens digit of (8 + -9)/((-3)/42)?
1
What is the tens digit of (1615/15 + -2)*3?
1
Suppose 263 = 5*j + 8. Suppose -4*u + j = -13. What is the tens digit of u?
1
Let m(g) = -47*g - 1. Let a be m(-2). Let l be (-2)/12 - a/(-18). Suppose 10 = 5*p - l. What is the units digit of p?
3
Let b(x) = 2*x**3 - 15*x**2 + 10*x - 10. What is the tens digit of b(7)?
1
Let u = -20 - -32. Suppose 2*g = 4*g - u. What is the units digit of g?
6
Let p = 12 + 10. What is the tens digit of p?
2
Suppose 0*g = -2*g - a - 15, -4*g - 27 = -a. What is the tens digit of (-149)/g - 16/56?
2
Suppose -5*f = 6 - 46. What is the units digit of (8/2 - 2) + f?
0
Let u(r) = -5*r**3 + 4 + 6*r + 0*r + 4*r**3 + 4*r**2. Let n be u(5). Let z = n - -3. What is the units digit of z?
2
Let f(s) = 2*s. Let y be f(6). Suppose 0 = -z + 4*d - 18, y = 2*d + 2. What is the units digit of z?
2
Let w = -11 + 48. What is the units digit of w?
7
Suppose 17 = 4*o - 5*o. Let a = o - -8. Let h = 14 + a. What is the units digit of h?
5
Suppose -10 - 6 = -4*s. Suppose -s*y + 35 = y. What is the units digit of y?
7
Suppose 0 = -4*j + 5 + 7. Suppose p - 32 = -j. What is the tens digit of p?
2
What is the tens digit of (2704/6)/2 + (-1)/3?
2
Suppose -2*n + 97 = -27. What is the tens digit of n?
6
Let b = -5 + -4. What is the units digit of b + 13 - (-1 - 12)?
7
Let h(x) = -x**2 - x - 1. Let j(r) = -7*r**2 - 4*r - 12. Let l(y) = 6*h(y) - j(y). What is the units digit of l(5)?
1
Suppose 0*n = 3*n - 18. Let q = n - 2. Suppose 2*a - q*y - 4 = 6, -4*y = 0. What is the units digit of a?
5
Suppose 44 = 2*h + 4*f, 0 = -5*f + 10 - 25. Let p be h/6 - (-2)/(-3). Suppose -p*c + 17 = -7. What is the units digit of c?
6
Let s(j) = j**2 - 9*j - 12. Let n be s(10). Let t be (n + 11)*(-6)/9. What is the units digit of (-38)/t - 2/(-3)?
7
Let o = 0 + 3. Suppose 52 + 4 = 4*y. Suppose -o*h + h = -y. What is the units digit of h?
7
Let v be (-6)/(0 - (4 - 2)). Suppose 0*x - 6 = -v*x. Suppose -5*r - 19 = -p, -32 = -4*p + x*r + 8. What is the units digit of p?
9
Let b(y) be the first derivative of y**4/4 + 7*y**3/3 - 5*y**2 + 6*y + 2. What is the tens digit of b(-8)?
2
Suppose -4*n = 3*y - 914, 4*y + 106 = n - 132. What is the tens digit of n?
3
Let n = 28 - 8. Let k = n - 12. What is the units digit of k?
8
Suppose -9 + 37 = z. What is the tens digit of z?
2
Let l(m) = m**3 + 14*m**2 + 7*m - 19. What is the units digit of l(-12)?
5
Suppose 0*v + 6 = 2*v. Suppose -v*c - 10 = 2*c. What is the units digit of (-1)/((-2)/(-16)*c)?
4
Let d(y) = -y**3 - 4*y**2 + 4*y - 6. Let f be d(-5). Let o = 2 - f. What is the units digit of o?
3
Let c(l) = -l. Suppose 3*k - 4*k = -40. Let s be k/(-6) - (-1)/(-3). What is the units digit of c(s)?
7
Suppose 12*y = 11*y + 7. Let u(h) = -h + 5. Let p(j) = -3*j + 16. Let m(t) = 3*p(t) - 8*u(t). What is the units digit of m(y)?
1
Let n(v) be the first derivative of v**2/2 + 2*v - 1. Let a be n(0). Suppose -4*m + 3*k = -2*m - 34, -k - 30 = -a*m. What is the tens digit of m?
1
Suppose -5*f + 1905 = 4*r, 4*r = -15*f + 17*f - 734. What is the units digit of f?
7
Let h(y) = -y**3 - 6*y**2 + y + 6. Let r be h(-6). Let f be (r*1/2)/(-3). What is the units digit of (3 + -1)/(f + 1)?
2
Let t = 20 - 12. Let d be 4/6 - 40/(-30). Suppose y - t = d. What is the units digit of y?
0
Suppose -3*r - 2*g - 10 = 3, -3*r - 4*g - 17 = 0. Let y(p) = 3*p**2 + 3*p - 3. Let h be y(r). What is the units digit of (12/h)/(-2)*-5?
2
Suppose -5*u = -u - 12. What is the tens digit of 60/(u - 1) - -3?
3
Suppose 3*x + x = -8. What is the units digit of (x*3)/(3/(-4))?
8
Suppose -6 - 34 = -5*u. Suppose s = 5*p - 0 + 4, -2*s - p + u = 0. Suppose 0 = -n + s*n - 21. What is the units digit of n?
7
Let m = -10 - -45. What is the units digit of m?
5
Let s(z) = z**3 + 2*z**2 - 5*z - 4. Let m be 0/3 - 0 - 0. Suppose m = 2*v + r + 1, v = -v - 3*r + 9. What is the units digit of s(v)?
2
Let k(j) = 0 - 1 + 2. Let c(i) = -5*i - 4. Let b(r) = c(r) + 4*k